+ 12/(-3). Calculate the greatest common factor of v and d.
9
Suppose 2*n - 464 = 2*v, 23*n - 25*n = -3*v - 465. What is the greatest common factor of 165 and n?
33
Suppose y = -6 - 11. Let c be y - 2 - 3 - -2. Let n be (c/15)/((-1)/27). Calculate the greatest common factor of 12 and n.
12
Let g(d) = 8*d**3 + 3*d**2 + 3*d - 10. Let t be g(2). Calculate the greatest common divisor of t and 576.
72
Suppose 0 = x + 95 - 441. What is the greatest common factor of x and 2?
2
Suppose -4*a = 4*s + 204, 2*a - 145 = 5*a - 5*s. Let p be ((-2)/5)/(5/a). Suppose p*l - 24 = -4. Calculate the highest common factor of l and 55.
5
Suppose 8*i - 3*y - 53 = 6*i, 3*y + 34 = i. What is the greatest common divisor of i and 2?
1
Let x = 24 - 5. Let c be 57/(-6)*(-24 - -2). Calculate the greatest common factor of c and x.
19
Let y(u) = u**3 + 10*u**2 - 13*u - 10. Let c be y(-11). Let t be (4 + -1)*c/9. Let h be 1/((t/(-16))/(-1)). Calculate the greatest common divisor of 20 and h.
4
Suppose -3*o - 30 = -y, -3*y = y - 2*o - 100. Let g be (-174)/11 - ((-256)/44 - -6). Let l = y + g. What is the highest common factor of 72 and l?
8
Let o = -23 + 57. Suppose -5*x + 170 = -3*y, -2*x = 3*x + 5*y - 170. What is the highest common factor of o and x?
34
Let l = 10 + -5. Suppose -2*s = -l*b + 2*s + 169, 4*b + 4*s - 128 = 0. Calculate the highest common divisor of b and 165.
33
Suppose -182 = -y - 2*n, 4*y - 5*n = -2*n + 717. Let w be 2 + (y/8)/((-9)/(-12)). What is the greatest common factor of w and 32?
32
Let q be 104/12*(2 + 43). Let u be (-3 - q)/(-3) - -1. Suppose 0*f + 2*f = -5*g + 39, 5*f + 3*g - 69 = 0. What is the highest common divisor of u and f?
12
Suppose 17*k + 400 = 27*k. What is the highest common divisor of 16 and k?
8
Let k = 342 - 17. Calculate the greatest common divisor of k and 25.
25
Let v(a) = -21*a + 600. Let g be v(11). Calculate the highest common factor of g and 328.
41
Suppose -40 = -0*o - 5*o. Let v be -3*(282/(-9) + 0). Suppose -226 = -5*q + v. Calculate the greatest common divisor of o and q.
8
Let b(h) = h**3 - 10*h**2 - 2*h + 17. Let o be b(10). Let n be 58 - o/((-12)/(-8)*-2). What is the greatest common divisor of n and 38?
19
Suppose 5*x - 10*x - 5*g = -885, 3*x - 521 = -g. What is the highest common divisor of x and 43?
43
Let k be ((-6)/(-2))/(18/(-54)). Suppose u - 2 = 3. Let r be u + k + (116 - 0). What is the highest common factor of 16 and r?
16
Let w(c) = c**2 - 8*c + 51. Let p be w(-9). What is the highest common factor of p and 153?
51
Let b = -20 - -23. Let g be -11*(18/(-2))/b. Calculate the greatest common factor of g and 264.
33
Let v = -11 - -22. Let c be (-189)/(-7) - (1 + 1). Let b = 36 - c. Calculate the highest common factor of v and b.
11
Let p(h) = 3*h**3 - 6*h**2 + h - 32. Let o be p(5). Suppose -3*x - 42 + o = 0. Calculate the greatest common divisor of 13 and x.
13
Suppose -111*n + 171 = -108*n. What is the greatest common factor of 437 and n?
19
Let k(a) be the third derivative of -a**6/120 - 3*a**5/20 - a**4/2 - 5*a**3/3 - 8*a**2. Let n be k(-8). Calculate the highest common divisor of n and 33.
11
Suppose 0*o - 6 = -o. Let u(v) = 11*v + 61. Let c be u(-5). What is the highest common factor of o and c?
6
Let t be (0 - 22)/((-14)/343). Suppose 4*d = -3*d + t. What is the highest common factor of d and 11?
11
Let f(a) = -a**3 - 12. Let z be f(0). Let u = z - -17. Suppose 12 = -u*m + 6*m. Calculate the highest common divisor of m and 18.
6
Let b = 562 - 553. What is the greatest common factor of b and 87?
3
Let s(c) = 3*c**3 - 36*c**2 + 36*c - 12. Let n be s(11). What is the highest common factor of n and 224?
7
Let q be 3/4 + 1*(-12)/16. Let d be (q - -1)*(70/2)/5. What is the highest common factor of d and 133?
7
Let b(a) = -3*a - 2. Let j be 2/(-8) - (-28)/(-16). Let g be b(j). Suppose 756 = 4*y - 5*k, 2*y - g*k = y + 189. What is the highest common divisor of y and 21?
21
Let t = 46 - -14. Let l = 197 - 185. Calculate the greatest common factor of t and l.
12
Suppose 0 = -3*n - n - 5*d + 21, 3*n - 11 = d. Calculate the greatest common divisor of 8 and n.
4
Let n(f) = -11*f - 31. Let l be n(-5). Let w(m) = -3 - m + 3 - 5*m. Let o be w(-1). What is the highest common divisor of l and o?
6
Let o be 26 + (8/1)/(-8). What is the greatest common factor of 10 and o?
5
Let z(v) = 2*v + 23. Let p be z(11). Calculate the highest common factor of 360 and p.
45
Let m = 185 - -215. Suppose -10*y = -15*y + m. What is the greatest common divisor of y and 16?
16
Let h be (525/(-14) - 5)/((-2)/20). What is the greatest common divisor of h and 17?
17
Let o(n) = 2*n**2 - 2*n - 20. Let m be o(6). Calculate the highest common factor of m and 280.
40
Suppose 0*r + 19 = 5*r + 3*m, -5*m = -15. Suppose 0 = -2*c + 3*o + 21, 4*o + 1 = -5*c - 4. What is the highest common divisor of c and r?
1
Let n(y) = -y**2 - 23*y - 72. Let u be n(-18). What is the highest common divisor of u and 234?
18
Let t(b) be the third derivative of -b**6/120 - b**5/6 - b**4/8 - 8*b**3/3 - 10*b**2. Let y be t(-10). What is the greatest common divisor of y and 2?
2
Suppose 2*g - 256 = f - 6*f, 4*f + 220 = 2*g. What is the highest common factor of 59 and g?
59
Let g be 24/(2*(-4)/12). Let f = -21 - g. Calculate the highest common factor of 120 and f.
15
Suppose 0 = -0*x - 13*x + 1040. Calculate the greatest common factor of x and 24.
8
Let f be (52/(-5) + (-6)/(-15))*1. Let r = 71 - f. What is the highest common factor of r and 9?
9
Let n(d) be the second derivative of -d**5/20 + 3*d**4/4 - d**3 - 3*d**2/2 - 8*d. Let t be n(6). What is the greatest common divisor of t and 23?
23
Suppose 4*w - 2*w - 10 = 0. Suppose 0 = w*h + 5*i - 80, 0 = 2*h + 3*i - 6*i - 32. Calculate the greatest common divisor of 176 and h.
16
Suppose z - 3*a - 87 = 0, 0*z + 4*a = 5*z - 413. Let g(t) = -t**3 + 8*t**2 + 3*t - 6. Let n be g(8). Calculate the highest common divisor of n and z.
9
Let m be (-58 - -1)*4/(-6). Let q be (-4)/(-6)*-3*-53. Suppose -m = 4*r - q. What is the greatest common factor of 153 and r?
17
Suppose -6*a - 1456 = -32*a. What is the highest common factor of a and 252?
28
Let k(t) = -13*t + 450. Let i be k(0). Suppose 6*d + 5*u - i = 3*d, 3*u = 9. What is the highest common factor of 58 and d?
29
Let v = -493 + 655. What is the greatest common divisor of v and 126?
18
Let w be 284/10 - 4/10. Suppose 3*r - 4 = 3*g + 20, -5*r + w = -g. Suppose r*n = 11 - 1. What is the greatest common factor of n and 14?
2
Let h be (-3)/2*(-88)/6. Let u be (2 + -4)*h/(-4). What is the highest common divisor of u and 44?
11
Let h(d) = 21*d. Let w be h(1). Suppose -5*z + 0*t + 2*t + 303 = 0, 0 = -5*z - 2*t + 327. What is the greatest common divisor of z and w?
21
Let n = -1240 + 1259. Let b = -1 - -3. Let q be (b/(-4))/((-2)/76). Calculate the greatest common factor of q and n.
19
Let h = -67 + 199. Calculate the greatest common divisor of h and 48.
12
Let p(x) = -x**2 - 4*x + 6. Let g be p(-5). Let b(u) = 0*u - g - u + 10 + 3*u. Let i be b(3). What is the greatest common factor of 165 and i?
15
Suppose -2*r + 724 = -4*l, 4*r - 4*l - 2139 + 679 = 0. What is the highest common factor of r and 64?
16
Suppose r + 2*f = 3*f - 6, 3 = f. Let g be (-112)/(-24) + (2/r)/1. What is the greatest common divisor of 2 and g?
2
Let x = -24 - 1. Let d = 33 + x. Let a = -2 + 18. What is the greatest common divisor of a and d?
8
Let n(l) = 241*l + 1002. Let y be n(-4). What is the greatest common factor of y and 2508?
38
Suppose -3*p + p = 5*s - 130, -s = -4. Calculate the highest common divisor of 44 and p.
11
Let i be 6 - (-1)/(4/(-16)). Suppose 0 = -2*w + 4*v + 12, 5*w - 2 = -i*v + 40. Calculate the highest common factor of w and 56.
8
Suppose 0 = 8*z - 3*z - 30. Suppose 0*h + z*h = 48. What is the greatest common divisor of h and 1?
1
Let p = 53 + -95. Let n be (-1 + 1 + -1)/(6/p). Calculate the greatest common factor of n and 21.
7
Let l be 1/(-2 - (-7)/3). Let a be 1 - (6*-1 + l). Let i be ((-153)/(-12))/(1/a). What is the highest common factor of i and 17?
17
Suppose 1074 + 1238 = 34*v. Calculate the greatest common divisor of 1972 and v.
68
Let k = 154 - 134. Calculate the highest common factor of k and 350.
10
Let t(a) = -a**3 - 5*a**2 - 6*a - 8. Let z be t(-4). Suppose 196 = 2*l - z*l - 2*d, 2*d